et i = 11 + -11. Let k(h) = -h**3 - h**2 - h + 10. What is the remainder when 37 is divided by k(i)?
7
Suppose 2*h + 2*g - 36 = -2, 5*g + 5 = 0. What is the remainder when 44 is divided by h?
8
Suppose -d - 2 = -6. Suppose 3*r - 34 - 11 = 0. Calculate the remainder when r is divided by d.
3
Suppose -5*x = -20 - 30. Suppose -3*d + 4 = 5*z, 4 = 4*z - 2*d - 8. Let f(s) = 3*s**2 - 4*s + 2. Calculate the remainder when x is divided by f(z).
4
Suppose -3*g + 0*g + t = -42, 0 = -3*g - 2*t + 42. Suppose -q = 4*v - 18, v = 5*q - v - 134. Calculate the remainder when q is divided by g.
12
Let h = 37 - 32. Calculate the remainder when 13 is divided by h.
3
Suppose -r - 2*r = -5*f + 86, -54 = -4*f - 5*r. Calculate the remainder when 61 is divided by f.
13
Let u(n) = n - 4. What is the remainder when 18 is divided by u(9)?
3
Let y(v) be the second derivative of 5*v**4/6 + v**3/3 - v**2/2 + 3*v. Calculate the remainder when y(-2) is divided by (-5)/1*24/(-10).
11
Let j = 91 + -65. Let c = j + 11. What is the remainder when c is divided by 13?
11
Suppose -20 = -2*t + 44. Calculate the remainder when (-2)/(-8) + 2488/t is divided by 20.
18
Let w(h) = 5*h**2 - 8*h + 15. Calculate the remainder when w(3) is divided by 13.
10
Suppose 315 = 6*u + 57. Calculate the remainder when u is divided by 11.
10
Suppose i = -3*x + 35 - 6, -4*x = -4*i + 180. Calculate the remainder when i is divided by 10.
1
Suppose -2*h = 2*w - 174, -2*h - 102 - 80 = -2*w. Calculate the remainder when w is divided by 30.
29
Suppose 3 = -0*s - s, 5*o = 5*s + 290. Calculate the remainder when o is divided by 28.
27
Let v = -91 + 134. Suppose 5*o = -0*o + 55. Calculate the remainder when v is divided by o.
10
Suppose -g = h - 19, -5*h + 0*g = 2*g - 110. Calculate the remainder when 119 is divided by h.
23
Suppose 0 = 2*h - x - 20 - 8, -4*x = 4*h - 32. What is the remainder when h is divided by 5?
2
Let k(n) = -2*n**3 + 12*n**2 - 8*n + 2. Suppose c - 27 = -5*t + 22, 5*c - 5*t = 155. What is the remainder when c is divided by k(5)?
10
Suppose -4*r + 15 = -2*f + 5, r - 5 = 0. Suppose o = -f*x - 16, -5*o - 4*x + 10 + 15 = 0. Let b = -12 - -17. What is the remainder when o is divided by b?
4
Suppose 2*o = 9 + 35. Calculate the remainder when 81 is divided by o.
15
Calculate the remainder when 81 is divided by ((-3)/(-6) - 9/6) + 18.
13
Let x(l) = 3*l**2 - 9*l - 4. Calculate the remainder when x(8) is divided by 30.
26
Suppose -3*d + 7*d - g = 160, 3*d - 113 = -g. Suppose -6*j + 56 = -2*j. What is the remainder when d is divided by j?
11
Suppose 3*z = 3*n - 192, 0*n - z = -5*n + 324. Suppose 0*a = -5*a + n. What is the remainder when 51 is divided by a?
12
Let o(m) be the third derivative of m**5/30 - m**4/8 - m**3/2 + 2*m**2. What is the remainder when 2/(-5) - 494/(-10) is divided by o(4)?
15
Let g(q) = -4*q**3 + 2*q**2 - 9*q + 3. Let z(v) = -4*v**3 + v**2 - 8*v + 2. Let u(a) = -4*g(a) + 5*z(a). Calculate the remainder when u(-2) is divided by 9.
8
Suppose -7*d - 33 = -2*d - 4*r, -4*d - 26 = -3*r. What is the remainder when -11*(1 + d) + 1 is divided by 12?
9
Let t = -57 + 76. Calculate the remainder when 36 is divided by t.
17
Suppose 3*d = 4*d + 9. Let o = -6 - d. Calculate the remainder when 6 is divided by o.
0
Let c(u) = u + 6. Suppose -68 = -4*z + 24. Calculate the remainder when z is divided by c(6).
11
Let l be 10/20 + 19/2. Suppose 0 = 2*m - l, -2*y - 2*m = -4*m + 2. What is the remainder when 14 is divided by y?
2
Let c(n) = 9*n - 8. What is the remainder when 34 is divided by c(3)?
15
Suppose 0 = -3*m - 5*d + 3 + 77, 122 = 5*m - 3*d. Calculate the remainder when m is divided by 14.
11
Suppose -4*z + 180 = 4*l, -5*l - 4 = 4*z - 180. What is the remainder when z is divided by 17?
15
Let r(p) = -p**2 - 4*p. What is the remainder when 15 is divided by r(-2)?
3
Calculate the remainder when (-6)/(-14) - 4818/(-77) is divided by 33.
30
Suppose -3*z + 2*o + 28 = -91, 8 = -2*o. Let a = -2 - -2. Suppose -76 = -4*l - a*l. Calculate the remainder when z is divided by l.
18
Suppose 5*k - 532 = 383. Calculate the remainder when k is divided by 37.
35
Let q(k) = 8*k + 1. Suppose -4*s + 5*z - 47 = -7*s, -2*s + 4*z + 24 = 0. What is the remainder when q(5) is divided by s?
13
Let u = 27 - 22. Suppose -4 = u*k - 54. What is the remainder when 39 is divided by k?
9
Let v be (7/2)/((-4)/24). Let n = 50 - v. What is the remainder when n is divided by 24?
23
Let x = 74 - 44. Let y = 44 + -28. Calculate the remainder when x is divided by y.
14
Let i(a) = -a**3 + a**2 + 2. Let r be i(0). Calculate the remainder when 7 is divided by (4/3)/(r/3).
1
Suppose 2*p - 16 = -0*p. Calculate the remainder when 4/(-14) + 0 + 2119/91 is divided by p.
7
Suppose 5*i = 4*i + 5. Suppose 3*g + 2*y - 59 = 0, i*g = y - 0*y + 107. Calculate the remainder when 41 is divided by g.
20
Let g be 2 + (4 - 1)/3. Let v = g - -5. Calculate the remainder when 15 is divided by v.
7
Calculate the remainder when 45 is divided by ((-38)/2)/(-1) - 3.
13
Let p(a) = -22*a - 1. Let g(j) = j - 1. Let u be (0 - 0)/((-6)/6). Let r be g(u). Calculate the remainder when p(r) is divided by 11.
10
Suppose -18 = -3*c - 6. What is the remainder when 6 is divided by c?
2
Let c be 2 - 1 - 0 - -7. Let b = c + 4. Suppose 3*h - 7 = -p, -3*p + 2*h + 81 = -h. Calculate the remainder when p is divided by b.
10
Let j = 9 + -6. Suppose -n = 5*v - j*v - 45, 5*v = -2*n + 112. Calculate the remainder when v is divided by 8.
6
Suppose 18 = 3*h - 0. Suppose -h = -2*g - 0. Suppose -o + g*f = -27, 0*o - 2*o = -5*f - 49. What is the remainder when 33 is divided by o?
9
Let i(x) = -x**3 + 7*x**2 - 3*x + 1. Calculate the remainder when i(6) is divided by 13.
6
Let o = 115 - 9. Calculate the remainder when o is divided by 27.
25
Let w(a) = 5*a**2 - a - 1. Suppose d - 5*d = -236. What is the remainder when d is divided by w(-2)?
17
Let n = -13 - -2. What is the remainder when n*(1 - 5) - -1 is divided by 23?
22
Suppose 4*n = -20, -3*m = -0*m - 5*n + 647. Let i = m + 384. Suppose k + i = 5*k. Calculate the remainder when k is divided by 21.
19
Calculate the remainder when (3 + (-135)/35)*-56 is divided by 10.
8
Let g(t) = t**2 - 3*t + 3. Calculate the remainder when -6*(2 - 9/3) is divided by g(3).
0
Let l(o) = o**3 - 6*o**2 - 13*o + 18. Calculate the remainder when l(8) is divided by 11.
9
What is the remainder when 79 is divided by (-333)/(-12) + -6 + (-6)/8?
16
Suppose -87 - 37 = -4*d. What is the remainder when d is divided by 11?
9
Suppose -4*n + n - 12 = 0. Let q be ((-1)/(-3))/(n/(-252)). Suppose -q = 5*o - 56. Calculate the remainder when o is divided by 3.
1
Let p = 580 - 306. Calculate the remainder when p is divided by 12.
10
Let k = -19 - -35. Calculate the remainder when 77 is divided by k.
13
Let s(m) be the third derivative of -m**4/24 - m**3/2 - 3*m**2. Let n be s(-6). Suppose 5*f = -n + 13. Calculate the remainder when f is divided by 1.
0
Let y(o) = -o**3 - o**2 + 20. Let c be y(0). Let s = c + -2. What is the remainder when (11 + -3)/((-6)/(-39)) is divided by s?
16
Let g be 3 + -3 - (1 + -1). Suppose g*i = -i + 32. What is the remainder when i is divided by 11?
10
What is the remainder when 38 is divided by (-278)/(-14) + (-54)/14 + 4?
18
Let a = -184 + 251. Calculate the remainder when a is divided by 24.
19
Suppose -3*k = -k - 5*b + 1, 2*b - 6 = 0. Let t = 23 - k. What is the remainder when t is divided by ((-72)/(-120))/(1/15)?
7
Let x(c) = c**2 + 2*c + 1. Let b = -5 - -4. Let o be x(b). Suppose -4*y = -o*y - 96. What is the remainder when 46 is divided by y?
22
Suppose 0 + 6 = i. What is the remainder when 10 is divided by i?
4
Calculate the remainder when 138 is divided by 13 - ((-5)/10 - 2/4).
12
Let n = 43 - 29. What is the remainder when (10/(-2))/(3/(-15)) is divided by n?
11
Let u = -43 - -102. Let a = -26 + u. What is the remainder when a is divided by 19/(2 - 1) - 2?
16
Suppose 5*v - 15 = 0, 3*o - 3*v - 2 = 2*o. Let h = 275 - 172. Suppose -x + 5*z = 2*x - h, 0 = -x + 3*z + 37. What is the remainder when x is divided by o?
9
Let j(u) = 5*u**2 + 4*u - 3. Calculate the remainder when j(3) is divided by 8.
6
Let g = 64 + -23. Calculate the remainder when g is divided by 11.
8
Suppose 0 = -3*c + 4*u + 19 + 164, 244 = 4*c + 2*u. Calculate the remain